n 2803 is divided by 46.
43
Calculate the remainder when 172 is divided by 107.
65
Calculate the remainder when 194 is divided by 180.
14
Calculate the remainder when 206 is divided by 43.
34
Calculate the remainder when 507 is divided by 85.
82
Calculate the remainder when 251 is divided by 16.
11
What is the remainder when 84 is divided by 46?
38
What is the remainder when 221 is divided by 70?
11
What is the remainder when 23 is divided by 8?
7
What is the remainder when 18079 is divided by 7?
5
Calculate the remainder when 2667 is divided by 85.
32
What is the remainder when 300 is divided by 79?
63
Calculate the remainder when 70 is divided by 18.
16
What is the remainder when 453 is divided by 57?
54
What is the remainder when 2447 is divided by 51?
50
Calculate the remainder when 1367 is divided by 5.
2
What is the remainder when 159 is divided by 75?
9
Calculate the remainder when 90 is divided by 48.
42
Calculate the remainder when 5249 is divided by 50.
49
Calculate the remainder when 778 is divided by 19.
18
What is the remainder when 255 is divided by 69?
48
Calculate the remainder when 321 is divided by 165.
156
Calculate the remainder when 115 is divided by 39.
37
What is the remainder when 1101 is divided by 15?
6
Calculate the remainder when 260 is divided by 118.
24
What is the remainder when 340 is divided by 334?
6
What is the remainder when 1323 is divided by 145?
18
What is the remainder when 108 is divided by 29?
21
Calculate the remainder when 596 is divided by 591.
5
Calculate the remainder when 635 is divided by 58.
55
Calculate the remainder when 254 is divided by 27.
11
Calculate the remainder when 182 is divided by 37.
34
What is the remainder when 153 is divided by 26?
23
Calculate the remainder when 833 is divided by 203.
21
Calculate the remainder when 8147 is divided by 42.
41
Calculate the remainder when 398 is divided by 20.
18
Calculate the remainder when 88 is divided by 6.
4
What is the remainder when 47 is divided by 29?
18
What is the remainder when 619 is divided by 19?
11
What is the remainder when 195 is divided by 104?
91
Calculate the remainder when 139 is divided by 49.
41
Calculate the remainder when 368 is divided by 124.
120
Calculate the remainder when 104 is divided by 35.
34
Calculate the remainder when 817 is divided by 136.
1
What is the remainder when 121 is divided by 46?
29
What is the remainder when 14358 is divided by 252?
246
Calculate the remainder when 194 is divided by 30.
14
What is the remainder when 7414 is divided by 53?
47
Calculate the remainder when 154 is divided by 17.
1
What is the remainder when 220 is divided by 90?
40
Calculate the remainder when 5371 is divided by 16.
11
What is the remainder when 316 is divided by 31?
6
What is the remainder when 16774 is divided by 19?
16
Calculate the remainder when 269 is divided by 25.
19
Calculate the remainder when 239 is divided by 48.
47
What is the remainder when 73 is divided by 22?
7
Calculate the remainder when 2659 is divided by 14.
13
Calculate the remainder when 151 is divided by 28.
11
What is the remainder when 65304 is divided by 33?
30
Calculate the remainder when 22745 is divided by 47.
44
What is the remainder when 207 is divided by 60?
27
What is the remainder when 218 is divided by 62?
32
What is the remainder when 4265 is divided by 4?
1
What is the remainder when 4973 is divided by 6?
5
What is the remainder when 4353 is divided by 65?
63
What is the remainder when 2567 is divided by 24?
23
What is the remainder when 508 is divided by 5?
3
What is the remainder when 56 is divided by 15?
11
Calculate the remainder when 307 is divided by 31.
28
What is the remainder when 11202 is divided by 11?
4
Calculate the remainder when 430 is divided by 145.
140
Calculate the remainder when 638 is divided by 28.
22
What is the remainder when 113 is divided by 9?
5
What is the remainder when 932 is divided by 433?
66
What is the remainder when 2641 is divided by 35?
16
What is the remainder when 1334 is divided by 439?
17
What is the remainder when 39 is divided by 27?
12
Calculate the remainder when 1672 is divided by 113.
90
Calculate the remainder when 886 is divided by 24.
22
What is the remainder when 299 is divided by 34?
27
What is the remainder when 221 is divided by 14?
11
What is the remainder when 12868 is divided by 9?
7
What is the remainder when 80 is divided by 42?
38
What is the remainder when 6533 is divided by 27?
26
What is the remainder when 10 is divided by 7?
3
What is the remainder when 1247 is divided by 84?
71
What is the remainder when 15674 is divided by 33?
32
Calculate the remainder when 699 is divided by 166.
35
Calculate the remainder when 1645 is divided by 6.
1
What is the remainder when 300 is divided by 15?
0
What is the remainder when 114 is divided by 29?
27
Calculate the remainder when 1553 is divided by 556.
441
Calculate the remainder when 534 is divided by 110.
94
What is the remainder when 71 is divided by 51?
20
Calculate the remainder when 55 is divided by 7.
6
What is the remainder when 4467 is divided by 203?
1
What is the remainder when 75 is divided by 23?
6
Calculate the remainder when 653 is divided by 183.
104
What is the remainder when 48 is divided by 18?
12
What is the remainder when 543 is divided by 237?
69
Calculate the remainder when 21 is divided by 2.
1
What is the remainder when 1370 is divided by 43?
37
What is the remainder when 168 is divided by 99?
69
Calculate the remainder when 108 is divided by 31.
15
What is the remainder when 2830 is divided by 26?
22
Calculate the remainder when 6815 is divided by 14.
11
What is the remainder when 475 is divided by 81?
70
Calculate the remainder when 87 is divided by 13.
9
What is the remainder when 33 is divided by 9?
6
Calculate the remainder when 671 is divided by 328.
15
Calculate the remainder when 8614 is divided by 17.
12
What is the remainder when 1524 is divided by 129?
105
Calculate the remainder when 313 is divided by 11.
5
What is the remainder when 149 is divided by 52?
45
Calculate the remainder when 8210 is divided by 83.
76
What is the remainder when 275 is divided by 23?
22
What is the remainder when 338 is divided by 306?
32
What is the remainder when 206 is divided by 54?
44
What is the remainder when 27873 is divided by 25?
23
Calculate the remainder when 332 is divided by 150.
32
Calculate the remainder when 1839 is divided by 40.
39
Calculate the remainder when 116 is divided by 51.
14
Calculate the remainder when 99 is divided by 9.
0
Calculate the remainder when 238 is divided by 81.
76
Calculate the remainder when 8826 is divided by 97.
96
Calculate the remainder when 989 is divided by 71.
66
Calculate the remainder when 496 is divided by 102.
88
What is the remainder when 2083 is divided by 7?
4
Calculate the remainder when 225 is divided by 70.
15
What is the remainder when 276 is divided by 89?
9
Calculate the remainder when 56 is divided by 19.
18
What is the remainder when 5328 is divided by 86?
82
Calculate the remainder when 210 is divided by 36.
30
What is the remainder when 2238 is divided by 557?
10
What is the remainder when 10975 is divided by 180?
175
Calculate the remainder when 67 is divided by 36.
31
What is the remainder when 311 is divided by 39?
38
What is the remainder when 44 is divided by 10?
4
Calculate the remainder when 1446 is divided by 1421.
25
What is the remainder when 41 is divided by 7?
6
Calculate the remainder when 528 is divided by 8.
0
Calculate the remainder when 4144 is divided by 24.
16
Calculate the remainder when 544 is divided by 50.
44
What is the remainder when 1074 is divided by 43?
42
What is the remainder when 324 is divided by 2?
0
What is the remainder when 332 is divided by 145?
42
What is the remainder when 83 is divided by 27?
2
What is the remainder when 834 is divided by 89?
33
Calculate the remainder when 866 is divided by 58.
54
What is the remainder when 1293 is divided by 33?
6
Calculate the remainder when 64 is divided by 7.
1
What is the remainder when 705 is divided by 90?
75
Calculate the remainder when 195 is divided by 49.
48
Calculate the remainder when 37 is divided by 11.
4
What is the remainder when 121 is divided by 48?
25
